ist the prime factors of w.
5
Let q = 2503 + -82. What are the prime factors of q?
3, 269
Suppose 1514*j - 1587*j = -1916396. List the prime factors of j.
2, 6563
What are the prime factors of (606 - 605)*(-4847)/(-1)?
37, 131
Let y(t) = t**3 - 9*t**2 - 23*t + 14. Let s be y(11). Suppose -s*u + k - 20 = 0, 5*u + 6*k = k - 20. Let r(z) = -10*z - 2. What are the prime factors of r(u)?
2, 29
Let h = -9220 - -18745. What are the prime factors of h?
3, 5, 127
Let o(t) = -83*t + 8611. List the prime factors of o(0).
79, 109
Let c be (66/(-11) + 9)*22/6. Suppose -8*b + c*b = 2*y - 1154, -1154 = -2*y - b. List the prime factors of y.
577
Let p(y) = 2*y - 38. Let x be p(20). Suppose -26 - x = -v. List the prime factors of v.
2, 7
Let f = -540 + 540. Suppose n = -4*n + 5*b + 180, f = 4*n - b - 135. What are the prime factors of n?
3, 11
Suppose -51*y + 272220 + 542964 = 0. What are the prime factors of y?
2, 3, 37
Suppose -2*z = -3*m + 533, 2*m - 3*z - 890 = -3*m. Let i be (43 + -3)*14/(-28). Let k = m - i. What are the prime factors of k?
3, 67
List the prime factors of (61 - (-4)/4)*62.
2, 31
Let p = -48 - -56. List the prime factors of p/(-28) - (2 - (-9360)/(-28)).
2, 83
Let f(h) be the third derivative of -h**5/60 + 23*h**4/12 - 9*h**3 - 14*h**2 + 1. List the prime factors of f(31).
3, 137
Let m be -2*3972/(-40) - (-6)/15. List the prime factors of (-13)/(-26)*(1 + m).
2, 5
What are the prime factors of ((-157)/(-10)*28)/(287/4305)?
2, 3, 7, 157
Suppose z - 14 = -f, -2*z + 4 = -z. Suppose f*b = 4*b + 66. List the prime factors of b.
11
Let p(u) be the third derivative of u**5/15 - 5*u**3/6 - 3*u**2 - 15*u. What are the prime factors of p(-4)?
59
Let l = -317 + 806. What are the prime factors of l?
3, 163
Suppose -2*b + 7464 = -4*j + 41108, 3*b - j + 50441 = 0. List the prime factors of (-2)/14 + b/(-84).
2, 5
Let m be 2/(-5) - (-87)/5. Suppose 0 = -21*k + m*k + 444. What are the prime factors of k?
3, 37
Suppose o = 34 + 19. Let n = -51 + o. Suppose n*h - 95 = -3*h. What are the prime factors of h?
19
Let m = 41780 - 29449. List the prime factors of m.
11, 19, 59
Suppose -g - 4 = 0, -d - 4*g + 1144 = -2*g. Let q = d + -606. List the prime factors of q.
2, 3, 7, 13
Let o = -306 - -308. Suppose o*z - 3*q - 1330 = 0, -8*q = -6*q. List the prime factors of z.
5, 7, 19
Let q = 1812 + -1697. Let k(g) = 19*g + 1. Let w be k(-1). Let c = w + q. What are the prime factors of c?
97
Let a = -15905 + 37831. What are the prime factors of a?
2, 19, 577
Let c = 12248 - 4828. Suppose -c = 7*a - 27*a. List the prime factors of a.
7, 53
Let d = 76 + 29. Let l = 22 + 860. Suppose 7*t + d = l. List the prime factors of t.
3, 37
Suppose -3*z - 5*g + 180 = 0, -5*z + 6*g + 266 = 3*g. Let a = 52 - z. What are the prime factors of 160 + -15*1/a?
3, 5, 11
Let f = 3083 - 1400. What are the prime factors of f?
3, 11, 17
Let f(u) = -2*u**2 + 2*u. Let p(c) = 18*c**2 + 10*c + 19. Let s(v) = -5*f(v) + p(v). List the prime factors of s(-4).
467
Let s = 87 - 77. Let k(a) = 3 - 13*a - s - 20 - 6. What are the prime factors of k(-10)?
97
What are the prime factors of 600/16*(-2)/(-12)*(-1 + 1245)?
5, 311
Let f(p) = -495*p - 1296. List the prime factors of f(-35).
3, 13, 137
Suppose 0 = 5*g + 3*a - 2, -2*g + 4*a = 3*g - 9. Let t be (-2)/(1 - 3) - (g - -101). What are the prime factors of (t + -3)/(-1) + -1?
103
Let l(q) = -10*q + 8*q + 21*q**2 + 83*q**2. What are the prime factors of l(-2)?
2, 3, 5, 7
Let b(g) = -g**3 + 33*g**2 + 157*g - 145. What are the prime factors of b(29)?
2, 29, 67
Let r = -59 - -62. Suppose k - r - 1 = 0. Suppose 5*n = 3*c - 333, 111 = c + k*n - 0*n. List the prime factors of c.
3, 37
Suppose -4*l = -713 - 43. Let z be 1/((9 - 10)*(-2)/4). Suppose 9*a = z*a + l. List the prime factors of a.
3
Suppose -8186 = -2*v + 3*p, -2*v + 6131 = 5*p - 2055. List the prime factors of v.
4093
Let i(n) be the third derivative of 3*n**4/4 + 38*n**3/3 - 3*n**2 - 5*n. What are the prime factors of i(13)?
2, 5, 31
Suppose -3*d = -102*c + 107*c - 14258, 4*c + 8 = 0. What are the prime factors of d?
2, 29, 41
List the prime factors of 1027/((-4)/(-20 + 0) + 228/(-1290)).
13, 43, 79
Let x(z) = 63*z - 28. What are the prime factors of x(2)?
2, 7
Let o(y) be the second derivative of 13*y - 13/6*y**3 - y**2 + 0. List the prime factors of o(-4).
2, 5
Suppose -5*b = -5*w + 28985, -3*w + 13*b - 17*b = -17384. List the prime factors of w.
2, 3, 7, 23
Let b = -7108 - -13828. What are the prime factors of b?
2, 3, 5, 7
Suppose k + 13 = 2*k. Let n(p) = 1082*p + 2*p**2 - 537*p - 558*p - 3. What are the prime factors of n(k)?
2, 83
Let j(i) = -58*i + 24. Let p be j(3). Let g = 715 - p. What are the prime factors of g?
5, 173
Let a be 33*-1*(-2 + 1). Let q be ((-1572)/84 - -10)/((-2)/14). Let y = q + a. What are the prime factors of y?
2, 47
Suppose 0 = 16*k - 196319 - 90555 - 334390. List the prime factors of k.
3, 7, 43
Let h be 1 + (-10)/5 - (-1 + -43). Suppose -h*u + 805 = -36*u. List the prime factors of u.
5, 23
Let u = -11 + 13. Let f(z) = -667*z**2 + 0 + 17*z + 666*z**2 - u. List the prime factors of f(9).
2, 5, 7
Suppose -2 - 7 = -3*w - 3*k, w + 4*k = 3. Suppose 0 = -5*j + w + 2. Let t(n) = 77*n**2 - 4*n + 3. What are the prime factors of t(j)?
2, 19
Let u(z) = 3*z**3 - 8*z**2 + 5. Suppose -9 = 2*v - 5*a - 41, -5*v + 38 = -2*a. What are the prime factors of u(v)?
5, 73
Let g(b) = -233*b - 156. Let t be g(7). Let z = -1006 - t. List the prime factors of z.
11, 71
Suppose 0 = 5*s - 96 - 29. Let g(l) = -2*l**3 - 2*l**2 + 9*l - 4. Let p be g(-3). Suppose 5*d + s = 0, 3*w + 0*w = -p*d + 551. What are the prime factors of w?
2, 3
Let v = -21901 - -40354. List the prime factors of v.
3, 6151
Suppose 97*d - 830568 = 1750117. What are the prime factors of d?
5, 17, 313
Suppose 0 = y - 3 + 67. Let m = y - -67. Suppose m*x = -3*j + 78, x - 2*j - 18 + 1 = 0. What are the prime factors of x?
23
Suppose 4*s = 2*m - 5*m + 307, -m + 5*s = -134. Let f = -5447 - -5656. Suppose 4*z = 5*y + f, z - y - m = -z. List the prime factors of z.
2, 7
Suppose -x - 3*x = -9*x. Suppose 53*u - 51*u - 1248 = x. Suppose -3*k + 3*c + u = 0, 4*k = -2*c + 949 - 87. List the prime factors of k.
3, 71
Let z(v) = v**2 - 8*v - 2. Let g be z(12). Let b = g + -44. Suppose s = -5*q + 43, 2*s + 10 = -b*q + 4*q. What are the prime factors of q?
2
Let p = 30511 + -16560. What are the prime factors of p?
7, 1993
Let i = 497 - 276. Let b = -1623 - -1728. Let l = i - b. List the prime factors of l.
2, 29
List the prime factors of (179 + -59)*(-214)/(-6).
2, 5, 107
Let a = 13069 + -7251. What are the prime factors of a?
2, 2909
List the prime factors of -2 + (-5 - (-55)/5) - -18622.
2, 67, 139
Suppose -15*s + 239 - 14 = 0. Suppose -5*l + 3857 = 2*r, -s*r + 2327 = 3*l - 17*r. List the prime factors of l.
773
Suppose -3*c + 5*x = -7, -2*c + 4 = -0*x - 4*x. Suppose 3*y - 886 = p, -6*p = y - c*p - 307. List the prime factors of y.
3, 11
Let i = -53 + 436. Suppose -4*q = 2*p - 265 - i, p = -3*q + 325. What are the prime factors of p?
2, 7, 23
List the prime factors of 8595/(-9)*(18 + -29).
5, 11, 191
Suppose 5*x - 3*a = 81, -5*x = a - 82 - 11. Let r(l) = l**2 + 11*l - 17. List the prime factors of r(x).
5, 101
Suppose -4*x = 3*u - 36, -3*u - u + 4*x + 48 = 0. Let h(n) = 6*n**2 - 5 - 9 + u. What are the prime factors of h(4)?
2, 47
Suppose 0 = -2*s + 7*s - 50. Let f = 64 + 24. Let o = f - s. What are the prime factors of o?
2, 3, 13
Let k = 25 - 8. Suppose 4*d - 21*d + 782 = 0. Let u = d - k. What are the prime factors of u?
29
Let t = -49 - -48. Let p be ((-1694)/12)/t + 2/(-12). Suppose 5*a + 66 = -2*s + 266, p = 3*a - 3*s. List the prime factors of a.
2, 3, 7
Let n(p) = 36*p**3 - 9*p**2 + 57*p + 174. What are the prime factors of n(11)?
2, 3, 7
Let y = 13 + 7. Suppose 5*x + o - 31 = 0, 3*x = 3*o - 5*o + y. Suppose -10*s + 400 = -x*s. List the prime factors of s.
2, 5
Suppose 95*q - 136102 - 1562928 = 696300. What are the prime factors of q?
2, 7, 1801
Suppose 3*q + 5 = 20. Suppose 0 = q*r + 4 - 29. List the prime factors of 29 - (1 - r)*12/(-16).
2, 13
Let d = -36 + 50. Let s be (-2)/(-7) + 24/d. Suppose 4*k = -s*b - 38 + 384, -b + 84 = k. List the prime factors of k.
89
Suppose -153*o - 142*o + 464322 = -276*o. List the prime factor